 587674897 prime?
False
Is 2423998757 a prime number?
True
Is 5069255447 composite?
False
Is 3924739439 composite?
False
Is 2012182547 a prime number?
False
Is 215407513 prime?
True
Is 145728449 prime?
True
Is 541446263 prime?
True
Is 6900823023 a prime number?
False
Is 837414247 prime?
True
Is 184576080253 composite?
True
Is 3406957273 composite?
False
Is 3878130819 composite?
True
Is 32407245641 prime?
False
Is 268084939 a composite number?
True
Is 610371131 composite?
False
Is 1263506071 a prime number?
True
Is 11377333699 prime?
True
Is 933134861 a composite number?
False
Is 149576407 prime?
True
Is 12299366977 composite?
False
Is 30751769 composite?
False
Is 5399038795 a prime number?
False
Is 9626737889 a prime number?
True
Is 74033006753 prime?
True
Is 32511703297 a composite number?
False
Is 22262645959 a prime number?
False
Is 2138864513 prime?
False
Is 4127867609 prime?
False
Is 740123213 prime?
True
Is 23310236789 prime?
False
Is 2452224043 composite?
False
Is 359927713919 a prime number?
True
Is 249935524117 composite?
False
Is 522722953 composite?
True
Is 866677111 prime?
False
Is 14994124813 a prime number?
True
Is 866034419 a composite number?
True
Is 444755203 a composite number?
False
Is 58977970213 a composite number?
False
Is 14952342919 prime?
False
Is 1432540429 a prime number?
True
Is 56790486499 a composite number?
False
Is 487720606349 a prime number?
True
Is 336200419 prime?
False
Is 1228563341 composite?
False
Is 8119556371 a prime number?
False
Is 2850964499 a prime number?
False
Is 2773813481 a prime number?
False
Is 673941341 prime?
False
Is 4615291 a composite number?
False
Is 27335331319 prime?
False
Is 10888001083 a composite number?
False
Is 2376072826 a prime number?
False
Is 63526928379 composite?
True
Is 278526107 prime?
False
Is 5142093941 prime?
True
Is 8320445123 prime?
True
Is 62670021359 composite?
True
Is 8887216753 a composite number?
True
Is 776141171617 a composite number?
True
Is 53743533241 prime?
True
Is 76841417 composite?
True
Is 1797239363 a prime number?
True
Is 25794836077 a composite number?
True
Is 10891319191 a prime number?
False
Is 1637814317 a prime number?
True
Is 2563281349 a prime number?
True
Is 127069193 composite?
False
Is 116918327 prime?
False
Is 20550335303 prime?
True
Is 81776127959 prime?
True
Is 10752008691 composite?
True
Is 22409572901 a composite number?
False
Is 49670433119 a composite number?
False
Is 2399305801 composite?
True
Is 133848186539 a composite number?
False
Is 964604639 composite?
True
Is 1457392733 composite?
True
Is 11618162669 prime?
False
Is 976505281 a composite number?
False
Is 1811206909 a prime number?
False
Is 30799410283 composite?
False
Is 176991067 composite?
True
Is 1218219097 a composite number?
False
Is 3746432909 composite?
True
Is 1839854723 a composite number?
True
Is 843826517 a prime number?
False
Is 28180270387 a prime number?
False
Is 6612886829 a composite number?
False
Is 419913773 prime?
False
Is 2935963889 a prime number?
True
Is 170559494713 a prime number?
False
Is 3633239611 a prime number?
True
Is 5902932493 a prime number?
True
Is 1796195803 a composite number?
True
Is 24041898226 a prime number?
False
Is 36211603943 a composite number?
False
Is 47340140689 composite?
False
Is 649012283 composite?
True
Is 1665651499 prime?
False
Is 55992109 a prime number?
True
Is 15721933651 a composite number?
False
Is 498765437 prime?
True
Is 9754652321 a prime number?
True
Is 224290159 composite?
True
Is 11719811377 prime?
False
Is 8643479245 a prime number?
False
Is 390709427 composite?
True
Is 69345629 prime?
False
Is 44640593311 a prime number?
True
Is 176905231 a composite number?
True
Is 518399017 prime?
True
Is 2437078841 composite?
False
Is 920922547 prime?
True
Is 5098749133 prime?
True
Is 663860597 composite?
False
Is 1570557419 a composite number?
False
Is 63190132879 a prime number?
True
Is 14998172767 a composite number?
False
Is 24054292571 a composite number?
False
Is 83097485269 a prime number?
False
Is 23136570361 a prime number?
True
Is 77940391 composite?
True
Is 11994260413 prime?
False
Is 48349844223 a prime number?
False
Is 1879729273 a composite number?
False
Is 20942847917 a prime number?
False
Is 7377369371 a composite number?
False
Is 5983732477 composite?
True
Is 1180729201 composite?
False
Is 189493505681 a composite number?
False
Is 5228031619 prime?
False
Is 1586055517 composite?
True
Is 1720329241 prime?
False
Is 2290561031 a composite number?
True
Is 255221713 prime?
True
Is 3296586883 a prime number?
True
Is 620830085 composite?
True
Is 107971449379 composite?
False
Is 2719338863 a prime number?
True
Is 4770896453 prime?
True
Is 52129472777 prime?
False
Is 24652952297 a composite number?
False
Is 228060867 prime?
False
Is 367838069 prime?
True
Is 299809333 a composite number?
False
Is 28050753293 a composite number?
True
Is 99236603 composite?
True
Is 37455154183 a composite number?
False
Is 381431644849 a prime number?
True
Is 5334903151 a composite number?
True
Is 14153639779 composite?
True
Is 585849727 a composite number?
False
Is 56907525943 a composite number?
False
Is 127718881 prime?
False
Is 769768931 prime?
True
Is 24077806033 a prime number?
False
Is 3032053789 a composite number?
False
Is 132880003 a prime number?
True
Is 73505357201 prime?
True
Is 7342718323 a composite number?
False
Is 66801513397 composite?
True
Is 5565989887 prime?
True
Is 756135179 composite?
False
Is 6505891547 prime?
False
Is 440878883 prime?
True
Is 123657285943 a prime number?
False
Is 2273348219 a composite number?
True
Is 415779643 a composite number?
False
Is 1415228651 composite?
True
Is 4902779333 composite?
False
Is 22595507273 a composite number?
False
Is 24130580653 a prime number?
True
Is 662700293 a prime number?
False
Is 4939783769 composite?
True
Is 21127617941 prime?
False
Is 231143981 a prime number?
False
Is 2430656798 composite?
True
Is 5053196257 composite?
True
Is 45833864387 a composite number?
False
Is 237178328809 a prime number?
True
Is 51055774573 prime?
False
Is 652218971 a composite number?
False
Is 927859271 prime?
True
Is 3919365533 a prime number?
True
Is 4352805403 a prime number?
False
Is 1810567033 prime?
False
Is 2128768589 a prime number?
True
Is 524041711 composite?
True
Is 1318973989 composite?
True
Is 759180593 a prime number?
True
Is 2016852841 prime?
False
Is 1538623307 composite?
True
Is 31939081861 composite?
False
Is 583005611 a composite number?
True
Is 2009375281 composite?
True
Is 6303576803 prime?
True
Is 1682498569 a prime number?
True
Is 897096353 a prime number?
False
Is 7415561359 a composite number?
True
Is 10235077253 a composite number?
True
Is 2847444647 a prime number?
True
Is 680947171 composite?
False
Is 137466812255 a composite number?
True
Is 41398754587 a composite number?
False
Is 124314892201 a prime number?
True
Is 14701315677 a composite number?
True
Is 283919549 a prime number?
False
Is 11548439843 a prime number?
True
Is 260983975697 composite?
False
Is 9335559553 a composite number?
True
Is 40237775657 a prime number?
True
Is 5044468801 composite?
True
Is 1186156853 prime?
False
Is 2305768697 prime?
False
Is 4251409873 a prime number?
True
Is 37647276155 composite?
True
Is 26357446849 prime?
True
Is 819223103 prime?
False
Is 23857289 prime?
False
Is 24155535097 prime?
True
Is 401938987 a prime number?
True
Is 90427564757 composite?
True
Is 7770715049 a prime number?
True
Is 828210151 prime?
False
Is 225403939 a prime number?
True
Is 40718851703 composite?
True
Is 4670261357 a prime number?
True
Is 9673250729 prime?
True
Is 1693923643 a composite number?
True
Is 95594269 a prime number?
False
Is 46996303 prime?
True
Is 15154630747 composite?
True
Is 1442464753 composite?
True
Is 34645301 a composite number?
False
Is 452939117 a prime number?
False
Is 24376022063 a composite number?
False
Is 23676008413 a composite number?
False
Is 36152169661 prime?
False
Is 9487127 a composite number?
True
Is 46049377817 a composite number?
True
Is 16707360239 a composite number?
False
Is 4311596761 prime?
False
Is 17687803883 prime?
False
Is 22216867397 a prime number?
True
Is 20413038197 prime?
False
Is 17970255529 a prime number?
True
Is 2918156693 a composite numb